a prime number?
False
Is 10648822318 a composite number?
True
Is 16231923023 composite?
False
Is 43006662987 a composite number?
True
Is 5722683991 a composite number?
True
Is 132270473 a composite number?
False
Is 17662735841 prime?
False
Is 367882727 a prime number?
True
Is 2403446657 a prime number?
True
Is 571585359 composite?
True
Is 308562077 a prime number?
False
Is 1360504459 a composite number?
False
Is 3705829583 a composite number?
True
Is 6004663871 a composite number?
False
Is 11456446711 composite?
False
Is 331768001 composite?
True
Is 1922184791 composite?
True
Is 29018831 prime?
True
Is 180147164227 a composite number?
True
Is 25911778049 prime?
False
Is 3650779963 a composite number?
True
Is 613535393 composite?
False
Is 140648093 a prime number?
False
Is 271889581 composite?
True
Is 1441970237 composite?
False
Is 2694420983 a prime number?
False
Is 553513031 prime?
False
Is 56452561 composite?
True
Is 32650571759 a prime number?
False
Is 10999399333 a prime number?
False
Is 8688599537 a prime number?
True
Is 79536941941 a composite number?
True
Is 41092399021 composite?
True
Is 388956311 a prime number?
False
Is 995178323 a prime number?
True
Is 325820501 prime?
True
Is 105763112681 composite?
False
Is 5785032569 a composite number?
True
Is 335781225317 a prime number?
True
Is 11987219147 a composite number?
False
Is 4692691 composite?
True
Is 4684307477 prime?
True
Is 1335469043 composite?
False
Is 9466888969 a composite number?
False
Is 19429331 prime?
False
Is 505583147 a prime number?
False
Is 101888299 composite?
False
Is 17102481007 prime?
False
Is 23706375467 a composite number?
True
Is 7906853749 prime?
True
Is 10711939559 a composite number?
False
Is 2043735839 a prime number?
False
Is 5564907203 composite?
False
Is 76156607 prime?
True
Is 988255795 a prime number?
False
Is 5572210117 a composite number?
True
Is 71409330023 prime?
True
Is 242429729 a composite number?
True
Is 20099753491 a composite number?
False
Is 51644635279 composite?
True
Is 74273537759 a composite number?
True
Is 957921047 composite?
True
Is 1995664247 prime?
True
Is 2425013897 a composite number?
False
Is 4918271497 a prime number?
True
Is 8479041965 composite?
True
Is 593783183 prime?
False
Is 4633037723 a composite number?
False
Is 61281798595 a prime number?
False
Is 49923015773 a composite number?
False
Is 3406098187 a composite number?
False
Is 381104617 a composite number?
True
Is 118361207 prime?
True
Is 117669493 composite?
False
Is 124005731137 composite?
False
Is 2454136781 a prime number?
False
Is 32067232637 prime?
False
Is 164434492769 composite?
True
Is 4589352077 composite?
True
Is 92886568639 a composite number?
True
Is 8547930449 prime?
False
Is 1561196327 prime?
False
Is 67974941 composite?
True
Is 9131084351 a composite number?
False
Is 17617318801 a composite number?
True
Is 1049483977 composite?
True
Is 40279563451 a prime number?
True
Is 81847671 a prime number?
False
Is 25728080431 a prime number?
False
Is 80909375777 a composite number?
False
Is 13730701807 a prime number?
True
Is 512823347 a composite number?
True
Is 2480073373 a prime number?
False
Is 75228031 a prime number?
False
Is 6019303957 a composite number?
False
Is 1470213653 composite?
False
Is 24363959821 a prime number?
True
Is 138359147131 prime?
True
Is 25214412877 prime?
False
Is 14523378671 a composite number?
False
Is 141242819 a composite number?
False
Is 6106695839 a prime number?
True
Is 157557778123 a composite number?
False
Is 4337366731 a prime number?
True
Is 144449457227 a prime number?
False
Is 171224570897 a prime number?
True
Is 1202747983 a composite number?
False
Is 1075148903 prime?
False
Is 1774444577 prime?
True
Is 55546675441 composite?
True
Is 1279418687 composite?
True
Is 28297062091 a prime number?
True
Is 82773701 composite?
False
Is 14840953661 composite?
False
Is 1133509453 a prime number?
False
Is 558804889 prime?
True
Is 53609236679 composite?
True
Is 137110459 prime?
True
Is 848166002 a prime number?
False
Is 257821801 a composite number?
True
Is 462180487 a composite number?
False
Is 58548168911 composite?
False
Is 21805044463 a composite number?
True
Is 2591582267 composite?
False
Is 10542762611 prime?
True
Is 33066809989 a prime number?
False
Is 970372267 prime?
True
Is 760938197 a prime number?
True
Is 2230852961 composite?
True
Is 3404021419 a prime number?
True
Is 1274549 a prime number?
True
Is 27116114701 a prime number?
False
Is 11677889347 composite?
True
Is 4789842985 a prime number?
False
Is 415179143 a prime number?
False
Is 538696073 composite?
True
Is 3577591033 a composite number?
True
Is 2714305261 a prime number?
True
Is 1732347121 a prime number?
False
Is 1613381509 a composite number?
False
Is 78009107171 prime?
True
Is 147382237 a composite number?
False
Is 18909569159 a composite number?
True
Is 5000223629 composite?
False
Is 2788400113 composite?
True
Is 8898574939 prime?
True
Is 931603499 prime?
False
Is 892968763 composite?
True
Is 17085540523 composite?
False
Is 517737739 a prime number?
False
Is 20102725483 a composite number?
False
Is 476264137 a prime number?
True
Is 2846789061 a prime number?
False
Is 228134003 a prime number?
False
Is 14084304869 composite?
False
Is 2713995659 composite?
True
Is 2769508309 composite?
False
Is 320964139 a composite number?
False
Is 1086223433 a prime number?
True
Is 14658919057 a prime number?
True
Is 11731857889 composite?
True
Is 2478468929 a composite number?
False
Is 4144440347 prime?
False
Is 1067436631 prime?
False
Is 21855428159 prime?
True
Is 405500343151 composite?
False
Is 968062903 a prime number?
False
Is 177307529873 prime?
True
Is 413772797 a prime number?
False
Is 43971583841 a prime number?
False
Is 17487366467 a composite number?
True
Is 8354224699 a composite number?
False
Is 670507769 a prime number?
True
Is 4245126953 a prime number?
True
Is 205169227 a prime number?
False
Is 28863772383 a prime number?
False
Is 13548511069 composite?
True
Is 12737779027 prime?
True
Is 6817056605 composite?
True
Is 11037152179 composite?
True
Is 20132228851 composite?
True
Is 1432865949 a composite number?
True
Is 598821661 composite?
True
Is 5241019231 prime?
False
Is 75630432037 a prime number?
True
Is 6995228447 a composite number?
True
Is 1075638821 composite?
False
Is 2824564502 a prime number?
False
Is 25660870523 prime?
True
Is 590045647 composite?
False
Is 5391888143 a composite number?
True
Is 142414571 prime?
False
Is 1178610773 a prime number?
False
Is 1267017029 a composite number?
True
Is 19793124889 a composite number?
False
Is 3836611069 a prime number?
True
Is 11247757423 prime?
False
Is 58671289 composite?
True
Is 7748189 a prime number?
True
Is 26373587 composite?
True
Is 8632714747 prime?
True
Is 563827123 prime?
True
Is 407464787 a prime number?
False
Is 2101203543 composite?
True
Is 5711388317 a prime number?
True
Is 18100014071 composite?
True
Is 1540879377 a prime number?
False
Is 6048067439 a prime number?
True
Is 85197604813 composite?
False
Is 169452119 a composite number?
True
Is 10160392394 a composite number?
True
Is 163619569 a prime number?
True
Is 4400990147 prime?
True
Is 512900489 a composite number?
True
Is 499224237 prime?
False
Is 976975813 a prime number?
False
Is 2742160171 a composite number?
False
Is 10138945769 a prime number?
True
Is 490900115 a composite number?
True
Is 752587409 a prime number?
False
Is 265247128079 prime?
False
Is 6407994863 a prime number?
True
Is 18539957165 a composite number?
True
Is 6100820291 a composite number?
False
Is 3874021303 prime?
True
Is 83609071522 a prime number?
False
Is 695336249 composite?
True
Is 10381070851 prime?
False
Is 1331065378 prime?
False
Is 16852925029 a composite number?
False
Is 2636234339 composite?
False
Is 20923402897 a composite number?
True
Is 7279725433 a composite number?
False
Is 606469163 a composite number?
False
Is 1051466747 a composite number?
False
Is 297627203 a prime number?
False
Is 300007199 prime?
False
Is 17606529901 prime?
True
Is 6412504513 prime?
True
Is 15710999 composite?
True
Is 2304082169 a composite number?
False
Is 14030048917 prime?
True
Is 62531713 a composite number?
False
Is 117380541 composite?
True
Is 69758424779 a composite n